{"id":1018,"date":"2025-02-11T20:43:18","date_gmt":"2025-02-11T20:43:18","guid":{"rendered":"https:\/\/smartdragon.us\/index.php\/product\/by-wm8-pro-k3-boya-uhf-wireless-handheld-microphone-with-portable-receiver-2\/"},"modified":"2025-02-11T22:15:55","modified_gmt":"2025-02-11T22:15:55","slug":"by-wm8-pro-k3-boya-uhf-wireless-handheld-microphone-with-portable-receiver-2","status":"publish","type":"product","link":"https:\/\/smartdragon.us\/index.php\/product\/by-wm8-pro-k3-boya-uhf-wireless-handheld-microphone-with-portable-receiver-2\/","title":{"rendered":"BY-WM8-PRO-K3 &#8211; BOYA UHF Wireless Handheld Microphone with Portable Receiver"},"content":{"rendered":"","protected":false},"excerpt":{"rendered":"<p>Micr\u00f3fono de mano inal\u00e1mbrico UHF con receptor port\u00e1til para actuaciones en vivo.<\/p>\n","protected":false},"featured_media":1103,"comment_status":"open","ping_status":"closed","template":"","meta":[],"product_brand":[65],"product_cat":[54],"product_tag":[],"class_list":{"0":"post-1018","1":"product","2":"type-product","3":"status-publish","4":"has-post-thumbnail","6":"product_brand-sound-devices","7":"product_cat-merchandising","9":"first","10":"instock","11":"shipping-taxable","12":"purchasable","13":"product-type-simple"},"_links":{"self":[{"href":"https:\/\/smartdragon.us\/index.php\/wp-json\/wp\/v2\/product\/1018","targetHints":{"allow":["GET"]}}],"collection":[{"href":"https:\/\/smartdragon.us\/index.php\/wp-json\/wp\/v2\/product"}],"about":[{"href":"https:\/\/smartdragon.us\/index.php\/wp-json\/wp\/v2\/types\/product"}],"replies":[{"embeddable":true,"href":"https:\/\/smartdragon.us\/index.php\/wp-json\/wp\/v2\/comments?post=1018"}],"wp:featuredmedia":[{"embeddable":true,"href":"https:\/\/smartdragon.us\/index.php\/wp-json\/wp\/v2\/media\/1103"}],"wp:attachment":[{"href":"https:\/\/smartdragon.us\/index.php\/wp-json\/wp\/v2\/media?parent=1018"}],"wp:term":[{"taxonomy":"product_brand","embeddable":true,"href":"https:\/\/smartdragon.us\/index.php\/wp-json\/wp\/v2\/product_brand?post=1018"},{"taxonomy":"product_cat","embeddable":true,"href":"https:\/\/smartdragon.us\/index.php\/wp-json\/wp\/v2\/product_cat?post=1018"},{"taxonomy":"product_tag","embeddable":true,"href":"https:\/\/smartdragon.us\/index.php\/wp-json\/wp\/v2\/product_tag?post=1018"}],"curies":[{"name":"wp","href":"https:\/\/api.w.org\/{rel}","templated":true}]}}