{"id":1016,"date":"2025-02-11T20:43:18","date_gmt":"2025-02-11T20:43:18","guid":{"rendered":"https:\/\/smartdragon.us\/index.php\/product\/by-dm1-boya-digital-lavalier-microphone-for-ios-devices-2\/"},"modified":"2025-02-11T22:14:48","modified_gmt":"2025-02-11T22:14:48","slug":"by-dm1-boya-digital-lavalier-microphone-for-ios-devices-2","status":"publish","type":"product","link":"https:\/\/smartdragon.us\/index.php\/product\/by-dm1-boya-digital-lavalier-microphone-for-ios-devices-2\/","title":{"rendered":"BY-DM1 &#8211; BOYA Digital Lavalier Microphone for iOS Devices"},"content":{"rendered":"","protected":false},"excerpt":{"rendered":"<p>Micr\u00f3fono lavalier digital dise\u00f1ado espec\u00edficamente para dispositivos iOS.<\/p>\n","protected":false},"featured_media":1111,"comment_status":"open","ping_status":"closed","template":"","meta":[],"product_brand":[63],"product_cat":[52],"product_tag":[],"class_list":{"0":"post-1016","1":"product","2":"type-product","3":"status-publish","4":"has-post-thumbnail","6":"product_brand-k-tek","7":"product_cat-boompoles","9":"first","10":"instock","11":"shipping-taxable","12":"purchasable","13":"product-type-simple"},"_links":{"self":[{"href":"https:\/\/smartdragon.us\/index.php\/wp-json\/wp\/v2\/product\/1016","targetHints":{"allow":["GET"]}}],"collection":[{"href":"https:\/\/smartdragon.us\/index.php\/wp-json\/wp\/v2\/product"}],"about":[{"href":"https:\/\/smartdragon.us\/index.php\/wp-json\/wp\/v2\/types\/product"}],"replies":[{"embeddable":true,"href":"https:\/\/smartdragon.us\/index.php\/wp-json\/wp\/v2\/comments?post=1016"}],"wp:featuredmedia":[{"embeddable":true,"href":"https:\/\/smartdragon.us\/index.php\/wp-json\/wp\/v2\/media\/1111"}],"wp:attachment":[{"href":"https:\/\/smartdragon.us\/index.php\/wp-json\/wp\/v2\/media?parent=1016"}],"wp:term":[{"taxonomy":"product_brand","embeddable":true,"href":"https:\/\/smartdragon.us\/index.php\/wp-json\/wp\/v2\/product_brand?post=1016"},{"taxonomy":"product_cat","embeddable":true,"href":"https:\/\/smartdragon.us\/index.php\/wp-json\/wp\/v2\/product_cat?post=1016"},{"taxonomy":"product_tag","embeddable":true,"href":"https:\/\/smartdragon.us\/index.php\/wp-json\/wp\/v2\/product_tag?post=1016"}],"curies":[{"name":"wp","href":"https:\/\/api.w.org\/{rel}","templated":true}]}}