{"id":1008,"date":"2025-02-11T20:43:17","date_gmt":"2025-02-11T20:43:17","guid":{"rendered":"https:\/\/smartdragon.us\/index.php\/product\/by-pm700-boya-usb-microphone\/"},"modified":"2025-02-11T22:23:58","modified_gmt":"2025-02-11T22:23:58","slug":"by-pm700-boya-usb-microphone","status":"publish","type":"product","link":"https:\/\/smartdragon.us\/index.php\/product\/by-pm700-boya-usb-microphone\/","title":{"rendered":"BY-PM700 &#8211; BOYA USB Microphone"},"content":{"rendered":"","protected":false},"excerpt":{"rendered":"<p>Micr\u00f3fono USB vers\u00e1til adecuado para podcasting, grabaci\u00f3n y transmisi\u00f3n en vivo.<\/p>\n","protected":false},"featured_media":1100,"comment_status":"open","ping_status":"closed","template":"","meta":[],"product_brand":[66],"product_cat":[55],"product_tag":[],"class_list":{"0":"post-1008","1":"product","2":"type-product","3":"status-publish","4":"has-post-thumbnail","6":"product_brand-stingray","7":"product_cat-microphones","9":"first","10":"instock","11":"shipping-taxable","12":"purchasable","13":"product-type-simple"},"_links":{"self":[{"href":"https:\/\/smartdragon.us\/index.php\/wp-json\/wp\/v2\/product\/1008","targetHints":{"allow":["GET"]}}],"collection":[{"href":"https:\/\/smartdragon.us\/index.php\/wp-json\/wp\/v2\/product"}],"about":[{"href":"https:\/\/smartdragon.us\/index.php\/wp-json\/wp\/v2\/types\/product"}],"replies":[{"embeddable":true,"href":"https:\/\/smartdragon.us\/index.php\/wp-json\/wp\/v2\/comments?post=1008"}],"wp:featuredmedia":[{"embeddable":true,"href":"https:\/\/smartdragon.us\/index.php\/wp-json\/wp\/v2\/media\/1100"}],"wp:attachment":[{"href":"https:\/\/smartdragon.us\/index.php\/wp-json\/wp\/v2\/media?parent=1008"}],"wp:term":[{"taxonomy":"product_brand","embeddable":true,"href":"https:\/\/smartdragon.us\/index.php\/wp-json\/wp\/v2\/product_brand?post=1008"},{"taxonomy":"product_cat","embeddable":true,"href":"https:\/\/smartdragon.us\/index.php\/wp-json\/wp\/v2\/product_cat?post=1008"},{"taxonomy":"product_tag","embeddable":true,"href":"https:\/\/smartdragon.us\/index.php\/wp-json\/wp\/v2\/product_tag?post=1008"}],"curies":[{"name":"wp","href":"https:\/\/api.w.org\/{rel}","templated":true}]}}